{"id":341,"date":"2020-04-13T11:18:52","date_gmt":"2020-04-13T11:18:52","guid":{"rendered":"https:\/\/stereoptico.a2hosted.com\/wta\/about-2\/"},"modified":"2020-12-31T23:13:56","modified_gmt":"2020-12-31T23:13:56","slug":"about-2","status":"publish","type":"page","link":"https:\/\/stereoptico.a2hosted.com\/wta\/about-2\/","title":{"rendered":"About"},"content":{"rendered":"\t\t<div data-elementor-type=\"wp-page\" data-elementor-id=\"341\" class=\"elementor elementor-341\" data-elementor-settings=\"[]\">\n\t\t\t\t\t\t<div class=\"elementor-inner\">\n\t\t\t\t\t\t\t<div class=\"elementor-section-wrap\">\n\t\t\t\t\t\t\t<section class=\"elementor-section elementor-top-section elementor-element elementor-element-5131a13e elementor-section-boxed elementor-section-height-default elementor-section-height-default\" data-id=\"5131a13e\" data-element_type=\"section\" data-settings=\"{&quot;background_background&quot;:&quot;classic&quot;}\">\n\t\t\t\t\t\t\t<div class=\"elementor-background-overlay\"><\/div>\n\t\t\t\t\t\t\t<div class=\"elementor-container elementor-column-gap-default\">\n\t\t\t\t\t\t\t<div class=\"elementor-row\">\n\t\t\t\t\t<div class=\"elementor-column elementor-col-100 elementor-top-column elementor-element elementor-element-a53c29e\" data-id=\"a53c29e\" data-element_type=\"column\">\n\t\t\t<div class=\"elementor-column-wrap\">\n\t\t\t\t\t\t\t<div class=\"elementor-widget-wrap\">\n\t\t\t\t\t\t\t\t<\/div>\n\t\t\t\t\t<\/div>\n\t\t<\/div>\n\t\t\t\t\t\t\t\t<\/div>\n\t\t\t\t\t<\/div>\n\t\t<\/section>\n\t\t\t\t<section class=\"elementor-section elementor-top-section elementor-element elementor-element-40177ae0 elementor-section-boxed elementor-section-height-default elementor-section-height-default\" data-id=\"40177ae0\" data-element_type=\"section\">\n\t\t\t\t\t\t<div class=\"elementor-container elementor-column-gap-no\">\n\t\t\t\t\t\t\t<div class=\"elementor-row\">\n\t\t\t\t\t<div class=\"elementor-column elementor-col-50 elementor-top-column elementor-element elementor-element-2828f573\" data-id=\"2828f573\" data-element_type=\"column\">\n\t\t\t<div class=\"elementor-column-wrap elementor-element-populated\">\n\t\t\t\t\t\t\t<div class=\"elementor-widget-wrap\">\n\t\t\t\t\t\t<div class=\"elementor-element elementor-element-68afc23b elementor-widget elementor-widget-heading\" data-id=\"68afc23b\" data-element_type=\"widget\" data-widget_type=\"heading.default\">\n\t\t\t\t<div class=\"elementor-widget-container\">\n\t\t\t<h2 class=\"elementor-heading-title elementor-size-default\">desde el 2013<\/h2>\t\t<\/div>\n\t\t\t\t<\/div>\n\t\t\t\t\t\t<\/div>\n\t\t\t\t\t<\/div>\n\t\t<\/div>\n\t\t\t\t<div class=\"elementor-column elementor-col-50 elementor-top-column elementor-element elementor-element-48096891\" data-id=\"48096891\" data-element_type=\"column\">\n\t\t\t<div class=\"elementor-column-wrap elementor-element-populated\">\n\t\t\t\t\t\t\t<div class=\"elementor-widget-wrap\">\n\t\t\t\t\t\t<div class=\"elementor-element elementor-element-44ce5982 elementor-widget elementor-widget-text-editor\" data-id=\"44ce5982\" data-element_type=\"widget\" data-widget_type=\"text-editor.default\">\n\t\t\t\t<div class=\"elementor-widget-container\">\n\t\t\t\t\t<div class=\"elementor-text-editor elementor-clearfix\"><p>Soci\u00f3logos imcomprendidos, un producto del estudio y la observaci\u00f3n minuciosa de la cultura dominicana.<\/p><\/div>\n\t\t\t\t<\/div>\n\t\t\t\t<\/div>\n\t\t\t\t<div class=\"elementor-element elementor-element-e56ab06 elementor-widget elementor-widget-text-editor\" data-id=\"e56ab06\" data-element_type=\"widget\" data-widget_type=\"text-editor.default\">\n\t\t\t\t<div class=\"elementor-widget-container\">\n\t\t\t\t\t<div class=\"elementor-text-editor elementor-clearfix\"><p>En el 2013 Jon Blon Jovi (Haru) decide acercarse a sus ya buenos amigos, Dominicanye West (Cesar Pineda), Dabeat Ortiz (Cohoba) y el dise\u00f1ador gr\u00e1fico Chago Garc\u00eda, para formar el proyecto musical experimental Whitest Taino Alive, dando vida al movimiento conocido como Choper\u00eda Fina. En el 2014&nbsp; lanzan su primer \u00e1lbum de larga duraci\u00f3n, \u00bfD\u00f3nde Jugar\u00e1n Los Cueros? considerado por muchos como una invaluable contribuci\u00f3n a la rica historia musical Dominicana que ha servido de inspiraci\u00f3n a un sin n\u00famero de j\u00f3venes artistas.<\/p>\n<p>Su m\u00fasica ha tocado a miles de almas alrededor del globo.&nbsp; Whitest Taino Alive ha sido invitado a prestigiosos festivales internacionales como NRMAL en M\u00e9xico, Okeechobee Music and Arts Festival en Florida y RBMA Bass Camp en Santiago, Chile, as\u00ed como JBMF y Isle Of Light en Republica Dominicana.&nbsp;<span style=\"font-size: 16px;\">En el 2017 la revista Rolling Stone coloca su \u00e1lbum Manda Nudes en su listado de los mejores 10 \u00e1lbumes latinos.<\/span><\/p>\n<p><\/p><\/div>\n\t\t\t\t<\/div>\n\t\t\t\t<\/div>\n\t\t\t\t\t\t<\/div>\n\t\t\t\t\t<\/div>\n\t\t<\/div>\n\t\t\t\t\t\t\t\t<\/div>\n\t\t\t\t\t<\/div>\n\t\t<\/section>\n\t\t\t\t\t\t<\/div>\n\t\t\t\t\t\t<\/div>\n\t\t\t\t\t<\/div>\n\t\t","protected":false},"excerpt":{"rendered":"<p>desde el 2013 Soci\u00f3logos imcomprendidos, un producto del estudio y la observaci\u00f3n minuciosa de la cultura dominicana. En el 2013 Jon Blon Jovi (Haru) decide acercarse a sus ya buenos amigos, Dominicanye West (Cesar Pineda), Dabeat Ortiz (Cohoba) y el dise\u00f1ador gr\u00e1fico Chago Garc\u00eda, para formar el proyecto musical experimental Whitest Taino Alive, dando vida &hellip;<\/p>\n<p class=\"read-more\"> <a class=\"\" href=\"https:\/\/stereoptico.a2hosted.com\/wta\/about-2\/\"> <span class=\"screen-reader-text\">About<\/span> Read More &raquo;<\/a><\/p>\n","protected":false},"author":1,"featured_media":0,"parent":0,"menu_order":0,"comment_status":"closed","ping_status":"closed","template":"","meta":[],"_links":{"self":[{"href":"https:\/\/stereoptico.a2hosted.com\/wta\/wp-json\/wp\/v2\/pages\/341"}],"collection":[{"href":"https:\/\/stereoptico.a2hosted.com\/wta\/wp-json\/wp\/v2\/pages"}],"about":[{"href":"https:\/\/stereoptico.a2hosted.com\/wta\/wp-json\/wp\/v2\/types\/page"}],"author":[{"embeddable":true,"href":"https:\/\/stereoptico.a2hosted.com\/wta\/wp-json\/wp\/v2\/users\/1"}],"replies":[{"embeddable":true,"href":"https:\/\/stereoptico.a2hosted.com\/wta\/wp-json\/wp\/v2\/comments?post=341"}],"version-history":[{"count":100,"href":"https:\/\/stereoptico.a2hosted.com\/wta\/wp-json\/wp\/v2\/pages\/341\/revisions"}],"predecessor-version":[{"id":968,"href":"https:\/\/stereoptico.a2hosted.com\/wta\/wp-json\/wp\/v2\/pages\/341\/revisions\/968"}],"wp:attachment":[{"href":"https:\/\/stereoptico.a2hosted.com\/wta\/wp-json\/wp\/v2\/media?parent=341"}],"curies":[{"name":"wp","href":"https:\/\/api.w.org\/{rel}","templated":true}]}}